{"id":915,"date":"2022-03-17T19:09:20","date_gmt":"2022-03-17T19:09:20","guid":{"rendered":"https:\/\/software.sil.org\/harmattan\/?page_id=915"},"modified":"2025-08-11T16:08:44","modified_gmt":"2025-08-11T16:08:44","slug":"sample","status":"publish","type":"page","link":"https:\/\/software.sil.org\/harmattan\/sample\/","title":{"rendered":"Type Sample"},"content":{"rendered":"<p>This document demonstrates all of the characters in the font. It is organized by Unicode block. Alternate glyphs that are available through features are demonstrated in the <a href=\"features\">Features<\/a> document. At the end is a sample demonstrating Arabic shaping and another example of running text.<\/p>\n<h2>Type Sample<\/h2>\n<h3>Basic Latin:<\/h3>\n<p>Regular: <span class='Harmattan-R normal'> ! &#8221; # $ % &amp; &#8216; ( ) * + , &#8211; . \/ 0 1 2 3 4 5 6 7 8 9 : ; &lt; = > ? @ A B C D E F G H I J K L M N O P Q R S T U V W X Y Z [ \\ ] ^ _ ` a b c d e f g h i j k l m n o p q r s t u v w x y z { | } ~<\/span><\/p>\n<p><strong>Bold:<\/strong> <span class='Harmattan-B normal'>! &#8221; # $ % &amp; &#8216; ( ) * + , &#8211; . \/ 0 1 2 3 4 5 6 7 8 9 : ; &lt; = > ? @ A B C D E F G H I J K L M N O P Q R S T U V W X Y Z [ \\ ] ^ _ ` a b c d e f g h i j k l m n o p q r s t u v w x y z { | } ~<\/span><\/p>\n<h3>Latin-1 Supplement:<\/h3>\n<p>Regular: <span dir=\"rtl\" class='Harmattan-R normal'>   \u00a1 \u00a2 \u00a3 \u00a4 \u00a5 \u00a6 \u00a7 \u00a8 \u00a9 \u00aa \u00ab \u00ac \u00ad \u00ae \u00af \u00b0 \u00b1 \u00b2 \u00b3 \u00b4 \u00b5 \u00b6 \u00b7 \u00b8 \u00b9 \u00ba \u00bb \u00bc \u00bd \u00be \u00bf \u00c0 \u00c1 \u00c2 \u00c3 \u00c4 \u00c5 \u00c6 \u00c7 \u00c8 \u00c9 \u00ca \u00cb \u00cc \u00cd \u00ce \u00cf \u00d1 \u00d2 \u00d3 \u00d4 \u00d5 \u00d6 \u00d7 \u00d8 \u00d9 \u00da \u00db \u00dc \u00dd \u00de \u00df \u00e0 \u00e1 \u00e2 \u00e3 \u00e4 \u00e5 \u00e6 \u00e7 \u00e8 \u00e9 \u00ea \u00eb \u00ec \u00ed \u00ee \u00ef \u00f1 \u00f2 \u00f3 \u00f4 \u00f5 \u00f6 \u00f7 \u00f8 \u00f9 \u00fa \u00fb \u00fc \u00fd \u00fe \u00ff<\/span><\/p>\n<p><strong>Bold:<\/strong> <span dir=\"rtl\" class='Harmattan-B normal'>   \u00a1 \u00a2 \u00a3 \u00a4 \u00a5 \u00a6 \u00a7 \u00a8 \u00a9 \u00aa \u00ab \u00ac \u00ad \u00ae \u00af \u00b0 \u00b1 \u00b2 \u00b3 \u00b4 \u00b5 \u00b6 \u00b7 \u00b8 \u00b9 \u00ba \u00bb \u00bc \u00bd \u00be \u00bf \u00c0 \u00c1 \u00c2 \u00c3 \u00c4 \u00c5 \u00c6 \u00c7 \u00c8 \u00c9 \u00ca \u00cb \u00cc \u00cd \u00ce \u00cf \u00d1 \u00d2 \u00d3 \u00d4 \u00d5 \u00d6 \u00d7 \u00d8 \u00d9 \u00da \u00db \u00dc \u00dd \u00de \u00df \u00e0 \u00e1 \u00e2 \u00e3 \u00e4 \u00e5 \u00e6 \u00e7 \u00e8 \u00e9 \u00ea \u00eb \u00ec \u00ed \u00ee \u00ef \u00f1 \u00f2 \u00f3 \u00f4 \u00f5 \u00f6 \u00f7 \u00f8 \u00f9 \u00fa \u00fb \u00fc \u00fd \u00fe \u00ff<\/span><\/p>\n<h3>Latin Extended-A:<\/h3>\n<p>Regular: <span class='Harmattan-R normal'> \u0131 \u0152 \u0153 \u0160 \u0161 \u0178 \u017d \u017e<\/span><\/p>\n<p><strong>Bold:<\/strong> <span class='Harmattan-B normal'> \u0131 \u0152 \u0153 \u0160 \u0161 \u0178 \u017d \u017e<\/span><\/p>\n<h3>Latin Extended-B:<\/h3>\n<p>Regular:<span class='Harmattan-R normal'> \u0192<\/span><\/p>\n<p><strong>Bold:<\/strong> <span class='Harmattan-B normal'> \u0192 <\/span><\/p>\n<h3>Spacing Modifier Letters:<\/h3>\n<p>Regular: <span class='Harmattan-R normal'> \u02c6 \u02c7 \u02c9 \u02d0 \u02d8 \u02d9 \u02da \u02db \u02dc \u02dd<\/span><\/p>\n<p><strong>Bold:<\/strong> <span class='Harmattan-B normal'> \u02c6 \u02c7 \u02c9 \u02d0 \u02d8 \u02d9 \u02da \u02db \u02dc \u02dd<\/span><\/p>\n<h3>Combining Diacritical Marks:<\/h3>\n<p>CGJ (U+034F)<\/p>\n<h3>Greek and Coptic:<\/h3>\n<p>Regular: <span class='Harmattan-R normal'> \u03c0 <\/span><\/p>\n<p><strong>Bold:<\/strong> <span class='Harmattan-B normal'> \u03c0<\/span><\/p>\n<h3>General Punctuation, Supplemental Punctuation:<\/h3>\n<p>Regular:<span class='Harmattan-R normal'>&#x2010; &#x2011; &#x2012; &#x2013; &#x2014; &#x2015; &#x2018; &#x2019; &#x201A; &#x201B; &#x201C; &#x201D; &#x201E; &#x201F; &#x2020; &#x2021; &#x2022; &#x2026; &#x2030; &#x2039; &#x203A; &#x2044; &#x204F; &#x2E41;<\/span><\/p>\n<p><strong>Bold:<\/strong> <span class='Harmattan-B normal'>&#x2010; &#x2011; &#x2012; &#x2013; &#x2014; &#x2015; &#x2018; &#x2019; &#x201A; &#x201B; &#x201C; &#x201D; &#x201E; &#x201F; &#x2020; &#x2021; &#x2022; &#x2026; &#x2030; &#x2039; &#x203A; &#x2044; &#x204F; &#x2E41;<\/span><\/p>\n<h3>Currency Symbols:<\/h3>\n<p>Regular:<span class='Harmattan-R normal'> \u20ac<\/span><\/p>\n<p><strong>Bold:<\/strong> <span class='Harmattan-B normal'> \u20ac<\/span><\/p>\n<h3>Letterlike Symbols, Mathematical Operators, Control Pictures, Geometric Shapes, Miscellaneous Mathematical Symbols-B:<\/h3>\n<p>Regular:<span class='Harmattan-R normal'>\u2122 \u2126 \u2202 \u2206 \u220f \u2211 \u2212 \u2215 \u2219 \u221a \u221e \u222b \u2260 \u2264 \u2265 \u25ca \u25cc \u29f5 <\/span><\/p>\n<p><strong>Bold:<\/strong> <span class='Harmattan-B normal'> \u2122 \u2126 \u2202 \u220f \u2211 \u2212 \u2215 \u2219 \u221a \u221e \u222b \u2248 \u2260 \u2264 \u2265 \u2423 \u25ca \u25cc \u29f5 <\/span><\/p>\n<h3>Arabic:<\/h3>\n<h4>Regular:<\/h4>\n<p dir=\"rtl\"><span dir=\"rtl\" class='Harmattan-R normal'>&#x0600; &#x0601; &#x0602; &#x0603; &#x0604; &#x0605; &#x0606; &#x0607; &#x0608; &#x0609; &#x060A; &#x060B; &#x060C; &#x060D; &#x060E; &#x060F; &#x25cc;&#x0610; &#x25cc;&#x0611; &#x25cc;&#x0612; &#x25cc;&#x0613; &#x25cc;&#x0614; &#x25cc;&#x0615; &#x25cc;&#x0616; &#x25cc;&#x0617; &#x25cc;&#x0618; &#x25cc;&#x0619; &#x25cc;&#x061A; &#x061B; &#x061C; &#x061D; &#x061E; &#x061F; &#x0620; &#x0621; &#x0622; &#x0623; &#x0624; &#x0625; &#x0626; &#x0627; &#x0628; &#x0629; &#x062A; &#x062B; &#x062C; &#x062D; &#x062E; &#x062F; &#x0630; &#x0631; &#x0632; &#x0633; &#x0634; &#x0635; &#x0636; &#x0637; &#x0638; &#x0639; &#x063A; &#x063B; &#x063C; &#x063D; &#x063E; &#x063F; &#x0640; &#x0641; &#x0642; &#x0643; &#x0644; &#x0645; &#x0646; &#x0647; &#x0648; &#x0649; &#x064A; &#x25cc;&#x064B; &#x25cc;&#x064C; &#x25cc;&#x064D; &#x25cc;&#x064E; &#x25cc;&#x064F; &#x25cc;&#x0650; &#x25cc;&#x0651; &#x25cc;&#x0652; &#x25cc;&#x0653; &#x25cc;&#x0654; &#x25cc;&#x0655; &#x25cc;&#x0656; &#x25cc;&#x0657; &#x25cc;&#x0658; &#x25cc;&#x0659; &#x25cc;&#x065A; &#x25cc;&#x065B; &#x25cc;&#x065C; &#x25cc;&#x065D; &#x25cc;&#x065E; &#x25cc;&#x065F; &#x0660; &#x0661; &#x0662; &#x0663; &#x0664; &#x0665; &#x0666; &#x0667; &#x0668; &#x0669; &#x066A; &#x066B; &#x066C; &#x066D; &#x066E; &#x066F; &#x0670; &#x0671; &#x0672; &#x0673; &#x0674; &#x0675; &#x0676; &#x0677; &#x0678; &#x0679; &#x067A; &#x067B; &#x067C; &#x067D; &#x067E; &#x067F; &#x0680; &#x0681; &#x0682; &#x0683; &#x0684; &#x0685; &#x0686; &#x0687; &#x0688; &#x0689; &#x068A; &#x068B; &#x068C; &#x068D; &#x068E; &#x068F; &#x0690; &#x0691; &#x0692; &#x0693; &#x0694; &#x0695; &#x0696; &#x0697; &#x0698; &#x0699; &#x069A; &#x069B; &#x069C; &#x069D; &#x069E; &#x069F; &#x06A0; &#x06A1; &#x06A2; &#x06A3; &#x06A4; &#x06A5; &#x06A6; &#x06A7; &#x06A8; &#x06A9; &#x06AA; &#x06AB; &#x06AC; &#x06AD; &#x06AE; &#x06AF; &#x06B0; &#x06B1; &#x06B2; &#x06B3; &#x06B4; &#x06B5; &#x06B6; &#x06B7; &#x06B8; &#x06B9; &#x06BA; &#x06BB; &#x06BC; &#x06BD; &#x06BE; &#x06BF; &#x06C0; &#x06C1; &#x06C2; &#x06C3; &#x06C4; &#x06C5; &#x06C6; &#x06C7; &#x06C8; &#x06C9; &#x06CA; &#x06CB; &#x06CC; &#x06CD; &#x06CE; &#x06CF; &#x06D0; &#x06D1; &#x06D2; &#x06D3; &#x06D4; &#x06D5; &#x25cc;&#x06D6; &#x25cc;&#x06D7; &#x25cc;&#x06D8; &#x25cc;&#x06D9; &#x25cc;&#x06DA; &#x25cc;&#x06DB; &#x25cc;&#x06DC; &#x06DD; &#x06DE; &#x25cc;&#x06DF; &#x25cc;&#x06E0; &#x25cc;&#x06E1; &#x25cc;&#x06E2; &#x25cc;&#x06E3; &#x25cc;&#x06E4; &#x06E5; &#x06E6; &#x25cc;&#x06E7; &#x25cc;&#x06E8; &#x06E9; &#x25cc;&#x06EA; &#x25cc;&#x06EB; &#x25cc;&#x06EC; &#x25cc;&#x06ED; &#x06EE; &#x06EF; &#x06F0; &#x06F1; &#x06F2; &#x06F3; &#x06F4; &#x06F5; &#x06F6; &#x06F7; &#x06F8; &#x06F9; &#x06FA; &#x06FB; &#x06FC; &#x06FD; &#x06FE; &#x06FF;<\/span><\/p>\n<h4>Bold:<\/h4>\n<p dir=\"rtl\"><span dir=\"rtl\" class='Harmattan-B normal'>&#x0600; &#x0601; &#x0602; &#x0603; &#x0604; &#x0605; &#x0606; &#x0607; &#x0608; &#x0609; &#x060A; &#x060B; &#x060C; &#x060D; &#x060E; &#x060F; &#x25cc;&#x0610; &#x25cc;&#x0611; &#x25cc;&#x0612; &#x25cc;&#x0613; &#x25cc;&#x0614; &#x25cc;&#x0615; &#x25cc;&#x0616; &#x25cc;&#x0617; &#x25cc;&#x0618; &#x25cc;&#x0619; &#x25cc;&#x061A; &#x061B; &#x061C; &#x061D; &#x061E; &#x061F; &#x0620; &#x0621; &#x0622; &#x0623; &#x0624; &#x0625; &#x0626; &#x0627; &#x0628; &#x0629; &#x062A; &#x062B; &#x062C; &#x062D; &#x062E; &#x062F; &#x0630; &#x0631; &#x0632; &#x0633; &#x0634; &#x0635; &#x0636; &#x0637; &#x0638; &#x0639; &#x063A; &#x063B; &#x063C; &#x063D; &#x063E; &#x063F; &#x0640; &#x0641; &#x0642; &#x0643; &#x0644; &#x0645; &#x0646; &#x0647; &#x0648; &#x0649; &#x064A; &#x25cc;&#x064B; &#x25cc;&#x064C; &#x25cc;&#x064D; &#x25cc;&#x064E; &#x25cc;&#x064F; &#x25cc;&#x0650; &#x25cc;&#x0651; &#x25cc;&#x0652; &#x25cc;&#x0653; &#x25cc;&#x0654; &#x25cc;&#x0655; &#x25cc;&#x0656; &#x25cc;&#x0657; &#x25cc;&#x0658; &#x25cc;&#x0659; &#x25cc;&#x065A; &#x25cc;&#x065B; &#x25cc;&#x065C; &#x25cc;&#x065D; &#x25cc;&#x065E; &#x25cc;&#x065F; &#x0660; &#x0661; &#x0662; &#x0663; &#x0664; &#x0665; &#x0666; &#x0667; &#x0668; &#x0669; &#x066A; &#x066B; &#x066C; &#x066D; &#x066E; &#x066F; &#x0670; &#x0671; &#x0672; &#x0673; &#x0674; &#x0675; &#x0676; &#x0677; &#x0678; &#x0679; &#x067A; &#x067B; &#x067C; &#x067D; &#x067E; &#x067F; &#x0680; &#x0681; &#x0682; &#x0683; &#x0684; &#x0685; &#x0686; &#x0687; &#x0688; &#x0689; &#x068A; &#x068B; &#x068C; &#x068D; &#x068E; &#x068F; &#x0690; &#x0691; &#x0692; &#x0693; &#x0694; &#x0695; &#x0696; &#x0697; &#x0698; &#x0699; &#x069A; &#x069B; &#x069C; &#x069D; &#x069E; &#x069F; &#x06A0; &#x06A1; &#x06A2; &#x06A3; &#x06A4; &#x06A5; &#x06A6; &#x06A7; &#x06A8; &#x06A9; &#x06AA; &#x06AB; &#x06AC; &#x06AD; &#x06AE; &#x06AF; &#x06B0; &#x06B1; &#x06B2; &#x06B3; &#x06B4; &#x06B5; &#x06B6; &#x06B7; &#x06B8; &#x06B9; &#x06BA; &#x06BB; &#x06BC; &#x06BD; &#x06BE; &#x06BF; &#x06C0; &#x06C1; &#x06C2; &#x06C3; &#x06C4; &#x06C5; &#x06C6; &#x06C7; &#x06C8; &#x06C9; &#x06CA; &#x06CB; &#x06CC; &#x06CD; &#x06CE; &#x06CF; &#x06D0; &#x06D1; &#x06D2; &#x06D3; &#x06D4; &#x06D5; &#x25cc;&#x06D6; &#x25cc;&#x06D7; &#x25cc;&#x06D8; &#x25cc;&#x06D9; &#x25cc;&#x06DA; &#x25cc;&#x06DB; &#x25cc;&#x06DC; &#x06DD; &#x06DE; &#x25cc;&#x06DF; &#x25cc;&#x06E0; &#x25cc;&#x06E1; &#x25cc;&#x06E2; &#x25cc;&#x06E3; &#x25cc;&#x06E4; &#x06E5; &#x06E6; &#x25cc;&#x06E7; &#x25cc;&#x06E8; &#x06E9; &#x25cc;&#x06EA; &#x25cc;&#x06EB; &#x25cc;&#x06EC; &#x25cc;&#x06ED; &#x06EE; &#x06EF; &#x06F0; &#x06F1; &#x06F2; &#x06F3; &#x06F4; &#x06F5; &#x06F6; &#x06F7; &#x06F8; &#x06F9; &#x06FA; &#x06FB; &#x06FC; &#x06FD; &#x06FE; &#x06FF;<\/span><\/p>\n<h3>Arabic Supplement:<\/h3>\n<h4>Regular:<\/h4>\n<p dir=\"rtl\"><span dir=\"rtl\" class='Harmattan-R normal'>&#x0750; &#x0751; &#x0752; &#x0753; &#x0754; &#x0755; &#x0756; &#x0757; &#x0758; &#x0759; &#x075A; &#x075B; &#x075C; &#x075D; &#x075E; &#x075F; &#x0760; &#x0761; &#x0762; &#x0763; &#x0764; &#x0765; &#x0766; &#x0767; &#x0768; &#x0769; &#x076A; &#x076B; &#x076C; &#x076D; &#x076E; &#x076F; &#x0770; &#x0771; &#x0772; &#x0773; &#x0774; &#x0775; &#x0776; &#x0777; &#x0778; &#x0779; &#x077A; &#x077B; &#x077C; &#x077D; &#x077E; &#x077F;<\/span><\/p>\n<h4>Bold:<\/h4>\n<p dir=\"rtl\"><span dir=\"rtl\" class='Harmattan-B normal'>&#x0750; &#x0751; &#x0752; &#x0753; &#x0754; &#x0755; &#x0756; &#x0757; &#x0758; &#x0759; &#x075A; &#x075B; &#x075C; &#x075D; &#x075E; &#x075F; &#x0760; &#x0761; &#x0762; &#x0763; &#x0764; &#x0765; &#x0766; &#x0767; &#x0768; &#x0769; &#x076A; &#x076B; &#x076C; &#x076D; &#x076E; &#x076F; &#x0770; &#x0771; &#x0772; &#x0773; &#x0774; &#x0775; &#x0776; &#x0777; &#x0778; &#x0779; &#x077A; &#x077B; &#x077C; &#x077D; &#x077E; &#x077F;<\/span><\/p>\n<h3>Arabic Extended-B:<\/h3>\n<h4>Regular:<\/h4>\n<p dir=\"rtl\"><span dir=\"rtl\" class='Harmattan-R normal'>&#x0870; &#x0871; &#x0872; &#x0873; &#x0874; &#x0875; &#x0876; &#x0877; &#x0878; &#x0879; &#x087A; &#x087B; &#x087C; &#x087D; &#x087E; &#x087F; &#x0880; &#x0881; &#x0882; &#x0883; &#x0884; &#x0885; &#x0887; &#x0888; &#x0889; &#x088A; &#x088B; &#x088C; &#x088D; &#x088E; &#x088F;<\/br><\/br><br \/>\n&#x25cc;&#x0890; &#x25cc;&#x0891; &#x25cc;&#x0897; &#x25cc;&#x0898; &#x25cc;&#x0899; &#x25cc;&#x089A; &#x25cc;&#x089B; &#x25cc;&#x089C; &#x25cc;&#x089D; &#x25cc;&#x089E; &#x25cc;&#x089F;<\/span><\/p>\n<h4>Bold:<\/h4>\n<p dir=\"rtl\"><span dir=\"rtl\" class='Harmattan-B normal'>&#x0870; &#x0871; &#x0872; &#x0873; &#x0874; &#x0875; &#x0876; &#x0877; &#x0878; &#x0879; &#x087A; &#x087B; &#x087C; &#x087D; &#x087E; &#x087F; &#x0880; &#x0881; &#x0882; &#x0883; &#x0884; &#x0885; &#x0887; &#x0888; &#x0889; &#x088A; &#x088B; &#x088C; &#x088D; &#x088E; &#x088F;<\/br><\/br><br \/>\n&#x25cc;&#x0890; &#x25cc;&#x0891; &#x25cc;&#x0897; &#x25cc;&#x0898; &#x25cc;&#x0899; &#x25cc;&#x089A; &#x25cc;&#x089B; &#x25cc;&#x089C; &#x25cc;&#x089D; &#x25cc;&#x089E; &#x25cc;&#x089F;<\/span><\/p>\n<h3>Arabic Extended-A:<\/h3>\n<h4>Regular:<\/h4>\n<p dir=\"rtl\"><span dir=\"rtl\" class='Harmattan-R normal'>&#x08A0; &#x08A1; &#x08A2; &#x08A3; &#x08A4; &#x08A5; &#x08A6; &#x08A7; &#x08A8; &#x08A9; &#x08AA; &#x08AB; &#x08AC; &#x08AD; &#x08AE; &#x08AF; &#x08B0; &#x08B1; &#x08B2; &#x08B3; &#x08B4; &#x08B5; &#x08B6; &#x08B7; &#x08B8; &#x08B9; &#x08BA; &#x08BB; &#x08BC; &#x08BD; &#x08BE; &#x08BF; &#x08C0; &#x08C1; &#x08C2; &#x08C3; &#x08C4; &#x08C5; &#x08C6; &#x08C7; &#x08C8;<\/br><\/br><br \/>\n&#x08C9; &#x25cc;&#x08CA; &#x25cc;&#x08CB; &#x25cc;&#x08CC; &#x25cc;&#x08CD; &#x25cc;&#x08CE; &#x25cc;&#x08CF; &#x25cc;&#x08D0; &#x25cc;&#x08D1; &#x25cc;&#x08D2; &#x25cc;&#x08D3; &#x25cc;&#x08D4; &#x25cc;&#x08D5; &#x25cc;&#x08D6; &#x25cc;&#x08D7; &#x25cc;&#x08D8; &#x25cc;&#x08D9; &#x25cc;&#x08DA; &#x25cc;&#x08DB; &#x25cc;&#x08DC; &#x25cc;&#x08DD; &#x25cc;&#x08DE; &#x25cc;&#x08DF; &#x25cc;&#x08E0; &#x25cc;&#x08E1; &#x25cc;&#x08E2; &#x25cc;&#x08E3; &#x25cc;&#x08E4; &#x25cc;&#x08E5; &#x25cc;&#x08E6; &#x25cc;&#x08E7; &#x25cc;&#x08E8; &#x25cc;&#x08E9; &#x25cc;&#x08EA; &#x25cc;&#x08EB; &#x25cc;&#x08EC; &#x25cc;&#x08ED; &#x25cc;&#x08EE; &#x25cc;&#x08EF; &#x25cc;&#x08F0; &#x25cc;&#x08F1; &#x25cc;&#x08F2; &#x25cc;&#x08F3; &#x25cc;&#x08F4; &#x25cc;&#x08F5; &#x25cc;&#x08F6; &#x25cc;&#x08F7; &#x25cc;&#x08F8; &#x25cc;&#x08F9; &#x25cc;&#x08FA; &#x25cc;&#x08FB; &#x25cc;&#x08FC; &#x25cc;&#x08FD; &#x25cc;&#x08FE; &#x25cc;&#x08FF;<\/span><\/p>\n<h4>Bold:<\/h4>\n<p dir=\"rtl\"><span dir=\"rtl\" class='Harmattan-B normal'>&#x08A0; &#x08A1; &#x08A2; &#x08A3; &#x08A4; &#x08A5; &#x08A6; &#x08A7; &#x08A8; &#x08A9; &#x08AA; &#x08AB; &#x08AC; &#x08AD; &#x08AE; &#x08AF; &#x08B0; &#x08B1; &#x08B2; &#x08B3; &#x08B4; &#x08B5; &#x08B6; &#x08B7; &#x08B8; &#x08B9; &#x08BA; &#x08BB; &#x08BC; &#x08BD; &#x08BE; &#x08BF; &#x08C0; &#x08C1; &#x08C2; &#x08C3; &#x08C4; &#x08C5; &#x08C6; &#x08C7; &#x08C8;<\/br><\/br><br \/>\n&#x08C9; &#x25cc;&#x08CA; &#x25cc;&#x08CB; &#x25cc;&#x08CC; &#x25cc;&#x08CD; &#x25cc;&#x08CE; &#x25cc;&#x08CF; &#x25cc;&#x08D0; &#x25cc;&#x08D1; &#x25cc;&#x08D2; &#x25cc;&#x08D3; &#x25cc;&#x08D4; &#x25cc;&#x08D5; &#x25cc;&#x08D6; &#x25cc;&#x08D7; &#x25cc;&#x08D8; &#x25cc;&#x08D9; &#x25cc;&#x08DA; &#x25cc;&#x08DB; &#x25cc;&#x08DC; &#x25cc;&#x08DD; &#x25cc;&#x08DE; &#x25cc;&#x08DF; &#x25cc;&#x08E0; &#x25cc;&#x08E1; &#x25cc;&#x08E2; &#x25cc;&#x08E3; &#x25cc;&#x08E4; &#x25cc;&#x08E5; &#x25cc;&#x08E6; &#x25cc;&#x08E7; &#x25cc;&#x08E8; &#x25cc;&#x08E9; &#x25cc;&#x08EA; &#x25cc;&#x08EB; &#x25cc;&#x08EC; &#x25cc;&#x08ED; &#x25cc;&#x08EE; &#x25cc;&#x08EF; &#x25cc;&#x08F0; &#x25cc;&#x08F1; &#x25cc;&#x08F2; &#x25cc;&#x08F3; &#x25cc;&#x08F4; &#x25cc;&#x08F5; &#x25cc;&#x08F6; &#x25cc;&#x08F7; &#x25cc;&#x08F8; &#x25cc;&#x08F9; &#x25cc;&#x08FA; &#x25cc;&#x08FB; &#x25cc;&#x08FC; &#x25cc;&#x08FD; &#x25cc;&#x08FE; &#x25cc;&#x08FF;<\/span><\/p>\n<h3>Arabic Presentation Forms:<\/h3>\n<h4>Regular:<\/h4>\n<p dir=\"rtl\"><span class='Harmattan-R normal'>&#xFD3E; &#xFD3F; &#xFDF2; &#xFDFc; &#xFDFD; &#xFDFE; &#xFDFF;<\/span><\/p>\n<p dir=\"rtl\"><span class='Harmattan-B normal'>&#xFD3E; &#xFD3F; &#xFDF2; &#xFDFc; &#xFDFD; &#xFDFE; &#xFDFF;<\/span><\/p>\n<h3>Arabic Extended-C:<\/h3>\n<h4>Regular:<\/h4>\n<p dir=\"rtl\"><span dir=\"rtl\" class='Harmattan-R normal'>&#x10EC2; &#x10EC3; &#x10EC4; &#x10EC5; &#x10EC6; &#x10EC7; &#x10ED0; &#x25cc;&#x10EFA; &#x25cc;&#x10EFB; &#x25cc;&#x10EFC; &#x25cc;&#x10EFD; &#x25cc;&#x10EFE; &#x25cc;&#x10EFF;<\/span><\/p>\n<h4>Bold:<\/h4>\n<p dir=\"rtl\"><span dir=\"rtl\" class='Harmattan-B normal'>&#x10EC2; &#x10EC3; &#x10EC4; &#x10EC5; &#x10EC6; &#x10EC7; &#x10ED0; &#x25cc;&#x10EFA; &#x25cc;&#x10EFB; &#x25cc;&#x10EFC; &#x25cc;&#x10EFD; &#x25cc;&#x10EFE; &#x25cc;&#x10EFF;<\/span><\/p>\n<h2>Arabic Shaping (some basic shapes):<\/h2>\n<h4>Regular:<\/h4>\n<p dir=\"rtl\"><span class='Harmattan-R normal'>&#x0627; &#x200D;&#x0627; &#x0628; &#x0628;&#x0628;&#x0628; &#x062c; &#x062c;&#x062c;&#x062c; &#x062f; &#x200d;&#x062f; &#x0631; &#x200d;&#x0631; &#x0633; &#x0633;&#x0633;&#x0633;  &#x0635; &#x0635;&#x0635;&#x0635; &#x0637; &#x0637;&#x0637;&#x0637; &#x0639; &#x0639;&#x0639;&#x0639; &#x0641; &#x0641;&#x0641;&#x0641; &#x0642; &#x0642;&#x0642;&#x0642; &#x0643; &#x0643;&#x0643;&#x0643; &#x0644; &#x0644;&#x0644;&#x0644; &#x0645; &#x0645;&#x0645;&#x0645; &#x0646; &#x0646;&#x0646;&#x0646; &#x0647; &#x0647;&#x0647;&#x0647; &#x0648; &#x200d;&#x0648; &#x064A; &#x064A;&#x064A;&#x064A; &#x06a9; &#x06a9;&#x06a9;&#x06a9; &#x06d2; &#x200d;&#x06d2; &#x0644;&#x0627; <\/br><br \/>\n&#x202D;&#x6DD;&#x31;&#x32;&#x33;&#x202C; &#x202D;&#x6DD;&#x0661;&#x0662;&#x0663;&#x202C;<\/span><\/p>\n<h4>Bold:<\/h4>\n<p dir=\"rtl\"><span class='Harmattan-B normal'>&#x0627; &#x200D;&#x0627; &#x0628; &#x0628;&#x0628;&#x0628; &#x062c; &#x062c;&#x062c;&#x062c; &#x062f; &#x200d;&#x062f; &#x0631; &#x200d;&#x0631; &#x0633; &#x0633;&#x0633;&#x0633;  &#x0635; &#x0635;&#x0635;&#x0635; &#x0637; &#x0637;&#x0637;&#x0637; &#x0639; &#x0639;&#x0639;&#x0639; &#x0641; &#x0641;&#x0641;&#x0641; &#x0642; &#x0642;&#x0642;&#x0642; &#x0643; &#x0643;&#x0643;&#x0643; &#x0644; &#x0644;&#x0644;&#x0644; &#x0645; &#x0645;&#x0645;&#x0645; &#x0646; &#x0646;&#x0646;&#x0646; &#x0647; &#x0647;&#x0647;&#x0647; &#x0648; &#x200d;&#x0648; &#x064A; &#x064A;&#x064A;&#x064A; &#x06a9; &#x06a9;&#x06a9;&#x06a9; &#x06d2; &#x200d;&#x06d2; &#x0644;&#x0627; <\/br><br \/>\n&#x202D;&#x6DD;&#x31;&#x32;&#x33;&#x202C; &#x202D;&#x6DD;&#x0661;&#x0662;&#x0663;&#x202C;<\/span><\/p>\n<h2>Wolof UDHR #26:<\/h2>\n<p dir=\"rtl\"><span class='Harmattan-B normal' lang='wo'>26\u061e \u0767\u064e\u0627\u0631\u0652 \u0641\u064f\u06aa\u0651 \u0627\u064e\u06aa\u0652 \u062c\u064f\u0631\u0657\u0648\u0645\u0652 \u0628\u08f9\u0646\u0651\u08f9\u064a\u0644\u0650 \u0645\u064e\u062a\u064f\u06aa\u064e\u0627\u064a\u0652<\/span><\/p>\n<p dir=\"rtl\"><span class='Harmattan-R normal' lang='wo'>1\u061e \u0646\u0650\u062a\u0652 \u06aa\u064f \u0646\u08f9 \u0627\u064e\u0645\u0652 \u0646\u064e \u0633\u064e\u0767\u0652-\u0633\u064e\u0767\u0652 \u0767\u064f \u062c\u08f5\u0646\u06af\u064e\u0644\u0652 \u06aa\u08f7\u060c \u0646\u062c\u08f5\u0646\u06af\u0651 \u0645\u0650 \u0648\u064e\u0631\u064f\u0767\u064f \u0756\u0650 \u0641\u064e\u064a\u064e\u06aa\u064f \u0644\u064f \u0645\u064f \u0628\u08f7\u0646\u0652 \u0628\u08f7\u0646\u0652 \u0756\u0650 \u0646\u062c\u08f5\u0646\u06af\u0651 \u0645\u064f \u0633\u064f\u0648\u0641\u08f9 \u0645\u0650 \u062a\u08f9 \u0627\u064e\u0645\u0652 \u0633\u08f7\u0644\u08f7\u061e \u0646\u062c\u08f5\u0646\u06af\u0651 \u0645\u064f \u0633\u064f\u0648\u0641\u08f9 \u0645\u0650 \u0644\u064f \u0648\u064e\u0631\u0652 \u0644\u064e\u061e \u0646\u062c\u08f5\u0646\u06af\u0651 \u0645\u064f \u062e\u064e\u0631\u064e\u0644\u064e \u0645\u0650\u060c \u062a\u08f9 \u0627\u0650\u062a\u0652 \u0627\u064e\u062c\u064f \u0756\u0650 \u0648\u08f5\u0644\u0651\u064f \u0644\u0650\u06af\u0651\u08fa\u064a\u064a\u0652 \u0648\u064e\u0631\u0652 \u0646\u064e\u0646\u064f \u06aa\u08f7\u0648 \u0648\u064e\u0633\u064e\u0627\u0631\u08f9\u061e \u0627\u064e\u0645\u064f\u0644\u0652 \u062e\u08f9\u064a\u062c\u0652 \u0627\u064e\u06aa\u0652 \u0633\u08f9\u064a\u0646\u0652 \u0646\u062c\u08f5\u0646\u06af\u0651 \u0645\u064f \u06aa\u064e\u0648\u08f9 \u0645\u0650 \u0627\u064f\u0628\u0651\u0650\u0644\u0652 \u0646\u064e\u0767\u064f \u06aa\u08f7 \u06aa\u08fa\u0752\u0651 \u06aa\u064f \u06aa\u08f7 \u064a\u08f9\u0644\u0651\u08f7\u0648\u061e <\/span><\/p>\n<p dir=\"rtl\"><span class='Harmattan-R normal' lang='wo'>2\u061e \u0646\u062c\u08f5\u0646\u06af\u0651 \u0648\u064e\u0631\u0652 \u0646\u064e\u0627 \u0627\u0650\u0646\u0652\u062f\u0650 \u0646\u064e\u0627\u062a\u064e\u0627\u0646\u06af\u08f9 \u06af\u064f \u064a\u064e\u0627 \u0756\u0650 \u062f\u0651\u08f7\u0648\u0645\u0650 \u0622\u062f\u064e\u0645\u064e \u062a\u08f9 \u0627\u0650\u062a\u0652 \u0648\u064e\u0631\u0652 \u0646\u064e \u062f\u08f4\u06af\u08f4\u0631\u064e\u0644\u0652 \u0767\u064f \u0646\u064e\u0648\u0652 \u0633\u064e\u0767\u0652-\u0633\u064e\u0767\u0650 \u062f\u08f7\u0648\u0645\u0650 \u0622\u062f\u064e\u0645\u064e \u0627\u064e\u06aa\u0650 \u062a\u064e\u0648\u0652\u0641\u08f9\u064a\u062e\u064e\u0645\u0652 \u0756\u0650 \u0627\u064e\u0646\u064e\u0645\u0652 \u06af\u064f \u064a\u064e\u0627-\u0648\u064e\u062a\u0652 \u0646\u064e \u0627\u0650\u062a\u0652 \u0631\u064e\u062a\u064e\u062e\u064e\u0644\u0652 \u062f\u08fa\u06af\u0651\u0657\u0648 \u06af\u0650 \u0627\u064e\u06aa\u0652 \u064a\u08f7\u06aa\u0651\u064f\u062a\u08f9 \u0645\u0628\u08f7\u0648\u062a\u064e\u0627\u064a\u064f \u062e\u08f9\u064a\u062a\u0652 \u064a\u0650 \u0646\u06af\u0650\u0631\u0652 \u062c\u08f5\u0645\u0651 \u0633\u064e\u062e\u0652\u061e<\/span><\/p>\n<p dir=\"rtl\"><span class='Harmattan-R normal' lang='wo'>3\u061e \u0648\u064e\u0627\u062c\u064f\u0631\u0652 \u064a\u0650 \u0767\u08f7\u0648 \u062c\u08f4\u06aa\u0651 \u0627\u064e\u0645\u0652 \u0633\u064e\u0767\u0652-\u0633\u064e\u0767\u0652 \u0756\u0650 \u0627\u064e\u0646\u064e\u0645\u0652 \u06af\u0650 \u0767\u064f\u064a\u0652 \u064a\u064e\u0631\u08f9 \u0633\u08f9\u064a\u0646\u0650 \u062f\u08f7\u0648\u0645\u0652\u061e<\/span><\/p>\n\n","protected":false},"excerpt":{"rendered":"<p>This document demonstrates all of the characters in the font. It is organized by Unicode block. Alternate glyphs that are available through features are demonstrated in the Features document. At the end is a sample demonstrating Arabic shaping and another example of running text. Type Sample Basic Latin: Regular: ! &#8221; # $ % &amp; [&hellip;]<\/p>\n","protected":false},"author":18,"featured_media":0,"parent":0,"menu_order":0,"comment_status":"closed","ping_status":"closed","template":"","meta":{"_acf_changed":false,"hide_sidebar":false,"hide_h1":false,"footnotes":""},"class_list":["post-915","page","type-page","status-publish","hentry"],"acf":[],"_links":{"self":[{"href":"https:\/\/software.sil.org\/harmattan\/wp-json\/wp\/v2\/pages\/915","targetHints":{"allow":["GET"]}}],"collection":[{"href":"https:\/\/software.sil.org\/harmattan\/wp-json\/wp\/v2\/pages"}],"about":[{"href":"https:\/\/software.sil.org\/harmattan\/wp-json\/wp\/v2\/types\/page"}],"author":[{"embeddable":true,"href":"https:\/\/software.sil.org\/harmattan\/wp-json\/wp\/v2\/users\/18"}],"replies":[{"embeddable":true,"href":"https:\/\/software.sil.org\/harmattan\/wp-json\/wp\/v2\/comments?post=915"}],"version-history":[{"count":10,"href":"https:\/\/software.sil.org\/harmattan\/wp-json\/wp\/v2\/pages\/915\/revisions"}],"predecessor-version":[{"id":1051,"href":"https:\/\/software.sil.org\/harmattan\/wp-json\/wp\/v2\/pages\/915\/revisions\/1051"}],"wp:attachment":[{"href":"https:\/\/software.sil.org\/harmattan\/wp-json\/wp\/v2\/media?parent=915"}],"curies":[{"name":"wp","href":"https:\/\/api.w.org\/{rel}","templated":true}]}}