{"id":941,"date":"2022-03-17T21:02:58","date_gmt":"2022-03-17T21:02:58","guid":{"rendered":"https:\/\/software.sil.org\/ruwudu\/?page_id=941"},"modified":"2023-02-22T17:21:17","modified_gmt":"2023-02-22T17:21:17","slug":"sample","status":"publish","type":"page","link":"https:\/\/software.sil.org\/ruwudu\/sample\/","title":{"rendered":"Type Sample"},"content":{"rendered":"<p>This document demonstrates all of the characters in the font. It is organized by Unicode block. Alternate glyphs that are available through features are demonstrated in the <a href=\"features\">Features<\/a> document. At the end is a sample demonstrating Arabic shaping and another example of running text.<\/p>\n<h2>Type Sample<\/h2>\n<h3>Basic Latin:<\/h3>\n<p>Regular: <span dir=\"ltr\" class='Ruwudu-R normal'> ! &#8221; # $ % &amp; &#8216; ( ) * + , &#8211; . \/ 0 1 2 3 4 5 6 7 8 9 : ;  ? @ A B C D E F G H I J K L M N O P Q R S T U V W X Y Z [ \\ ] ^ _ ` a b c d e f g h i j k l m n o p q r s t u v w x y z { | } ~<\/span><\/p>\n<p>Bold: <span dir=\"ltr\" class='Ruwudu-B normal'> ! &#8221; # $ % &amp; &#8216; ( ) * + , &#8211; . \/ 0 1 2 3 4 5 6 7 8 9 : ;  ? @ A B C D E F G H I J K L M N O P Q R S T U V W X Y Z [ \\ ] ^ _ ` a b c d e f g h i j k l m n o p q r s t u v w x y z { | } ~<\/span><\/p>\n<h3>Latin-1 Supplement:<\/h3>\n<p>Regular: <span dir=\"ltr\" class='Ruwudu-R normal'>   \u00a1 \u00a2 \u00a3 \u00a4 \u00a5 \u00a6 \u00a7 \u00a8 \u00a9 \u00aa \u00ab \u00ac \u00ad \u00ae \u00af \u00b0 \u00b1 \u00b2 \u00b3 \u00b4 \u00b5 \u00b6 \u00b7 \u00b8 \u00b9 \u00ba \u00bb \u00bc \u00bd \u00be \u00bf \u00c0 \u00c1 \u00c2 \u00c3 \u00c4 \u00c5 \u00c6 \u00c7 \u00c8 \u00c9 \u00ca \u00cb \u00cc \u00cd \u00ce \u00cf \u00d1 \u00d2 \u00d3 \u00d4 \u00d5 \u00d6 \u00d7 \u00d8 \u00d9 \u00da \u00db \u00dc \u00dd \u00de \u00df \u00e0 \u00e1 \u00e2 \u00e3 \u00e4 \u00e5 \u00e6 \u00e7 \u00e8 \u00e9 \u00ea \u00eb \u00ec \u00ed \u00ee \u00ef \u00f1 \u00f2 \u00f3 \u00f4 \u00f5 \u00f6 \u00f7 \u00f8 \u00f9 \u00fa \u00fb \u00fc \u00fd \u00fe \u00ff<\/span><\/p>\n<p>Bold: <span dir=\"ltr\" class='Ruwudu-B normal'>   \u00a1 \u00a2 \u00a3 \u00a4 \u00a5 \u00a6 \u00a7 \u00a8 \u00a9 \u00aa \u00ab \u00ac \u00ad \u00ae \u00af \u00b0 \u00b1 \u00b2 \u00b3 \u00b4 \u00b5 \u00b6 \u00b7 \u00b8 \u00b9 \u00ba \u00bb \u00bc \u00bd \u00be \u00bf \u00c0 \u00c1 \u00c2 \u00c3 \u00c4 \u00c5 \u00c6 \u00c7 \u00c8 \u00c9 \u00ca \u00cb \u00cc \u00cd \u00ce \u00cf \u00d1 \u00d2 \u00d3 \u00d4 \u00d5 \u00d6 \u00d7 \u00d8 \u00d9 \u00da \u00db \u00dc \u00dd \u00de \u00df \u00e0 \u00e1 \u00e2 \u00e3 \u00e4 \u00e5 \u00e6 \u00e7 \u00e8 \u00e9 \u00ea \u00eb \u00ec \u00ed \u00ee \u00ef \u00f1 \u00f2 \u00f3 \u00f4 \u00f5 \u00f6 \u00f7 \u00f8 \u00f9 \u00fa \u00fb \u00fc \u00fd \u00fe \u00ff<\/span><\/p>\n<h3>Latin Extended-A:<\/h3>\n<p>Regular: <span dir=\"ltr\" class='Ruwudu-R normal'> \u0131 \u0152 \u0153 \u0160 \u0161 \u0178 \u017d \u017e<\/span><\/p>\n<p>Bold: <span dir=\"ltr\" class='Ruwudu-B normal'> \u0131 \u0152 \u0153 \u0160 \u0161 \u0178 \u017d \u017e<\/span><\/p>\n<h3>Latin Extended-B:<\/h3>\n<p>Regular:<span dir=\"ltr\" class='Ruwudu-R normal'> \u0192<\/span><\/p>\n<p>Bold:<span dir=\"ltr\" class='Ruwudu-B normal'> \u0192<\/span><\/p>\n<h3>Spacing Modifier Letters:<\/h3>\n<p>Regular: <span dir=\"ltr\" class='Ruwudu-R normal'> \u02c6 \u02c7 \u02c9 \u02d0 \u02d8 \u02d9 \u02da \u02db \u02dc \u02dd<\/span><\/p>\n<p>Bold: <span dir=\"ltr\" class='Ruwudu-B normal'> \u02c6 \u02c7 \u02c9 \u02d0 \u02d8 \u02d9 \u02da \u02db \u02dc \u02dd<\/span><\/p>\n<h3>Combining Diacritical Marks:<\/h3>\n<p>CGJ (U+034F)<\/p>\n<h3>Greek and Coptic:<\/h3>\n<p>Regular: <span dir=\"ltr\" class='RuwuduL-R normal'> \u03c0 <\/span><\/p>\n<p>Bold: <span dir=\"ltr\" class='RuwuduL-B normal'> \u03c0 <\/span><\/p>\n<h3>General Punctuation, Supplemental Punctuation:<\/h3>\n<p>Regular:<span dir=\"ltr\" class='Ruwudu-R normal'> \u2010 \u2011 \u2012 \u2013 \u2014 \u2015 \u2018 \u2019 \u201a \u201c \u201d \u201e \u2020 \u2021 \u2022 \u2026 \u2030 \u2039 \u203a \u2044 \u204f \u2e41<\/span><\/p>\n<p>Bold:<span dir=\"ltr\" class='Ruwudu-B normal'> \u2010 \u2011 \u2012 \u2013 \u2014 \u2015 \u2018 \u2019 \u201a \u201c \u201d \u201e \u2020 \u2021 \u2022 \u2026 \u2030 \u2039 \u203a \u2044 \u204f \u2e41<\/span><\/p>\n<h3>Currency Symbols:<\/h3>\n<p>Regular:<span dir=\"ltr\" class='RuwuduL-R normal'> \u20ac<\/span><\/p>\n<p>Bold:<span dir=\"ltr\" class='RuwuduL-B normal'> \u20ac<\/span><\/p>\n<h3>Letterlike Symbols, Mathematical Operators, Control Pictures, Geometric Shapes, Miscellaneous Mathematical Symbols-B:<\/h3>\n<p>Regular: <span dir=\"ltr\" class='Ruwudu-R normal'>\u2122 \u2126 \u2202 \u2206 \u220f \u2211 \u2212 \u2215 \u2219 \u221a \u221e \u222b \u2260 \u2264 \u2265 \u25ca \u25cc \u29f5 <\/span><\/p>\n<p>Bold: <span dir=\"ltr\" class='Ruwudu-B normal'>\u2122 \u2126 \u2202 \u2206 \u220f \u2211 \u2212 \u2215 \u2219 \u221a \u221e \u222b \u2260 \u2264 \u2265 \u25ca \u25cc \u29f5 <\/span><\/p>\n<h3>Arabic:<\/h3>\n<h4>Regular:<\/h4>\n<p dir=\"rtl\"><span dir=\"rtl\" class='Ruwudu-R normal'> &#x600; \u060c\u061b\u061c\u061e\u061f<br \/>\n \u0621 \u0622 \u0623 \u0624 \u0625 \u0626 \u0627 \u0628 \u0629 \u062a \u062b \u062c \u062d \u062e \u062f \u0630 \u0631 \u0632 \u0633 \u0634 \u0635 \u0636 \u0637 \u0638 \u0639 \u063a \u063f \u0640 \u0641 \u0642 \u0643 \u0644 \u0645 \u0646 \u0647 \u0648 \u0649 \u064a<br \/>\n&#x25cc;&#x64B;&#x25cc;&#x64C;&#x25cc;&#x64D;&#x25cc;&#x64E;&#x25cc;&#x64F;&#x25cc;&#x650;&#x25cc;&#x651;&#x25cc;&#x652;&#x25cc;&#x653;&#x25cc;&#x654;&#x25cc;&#x655;&#x25cc;&#x656;&#x25cc;&#x657;&#x25cc;&#x658;&#x25cc;&#x65A;&#x25cc;&#x65B;&#x25cc;&#x65C;&#x25cc;&#x65D;&#x25cc;&#x670;&#x25cc;&#x6E7;<br \/>\n&#x660; &#x661; &#x662; &#x663; &#x664; &#x665; &#x666; &#x667; &#x668; &#x669; &#x66A; &#x66B; &#x66C; &#x66D;<br \/>\n&#x66E; &#x674; &#x67B; &#x67D; &#x67E; &#x683; &#x684; &#x698; &#x69F; &#x6A0; &#x6A1; &#x6A2; &#x6A4; &#x6A5; &#x6A7; &#x6A8; &#x6A9; &#x6AA; &#x6AD; &#x6AF; &#x6BA; &#x6C6; &#x6C8; &#x6C9; &#x6CC; &#x6D0; &#x6D1; &#x6D2; &#x6D3; &#x6DD; &#x6E5;<\/span><\/p>\n<h4>Bold:<\/h4>\n<p dir=\"rtl\"><span dir=\"rtl\" class='Ruwudu-B normal'> &#x600; \u060c\u061b\u061c\u061e\u061f<br \/>\n \u0621 \u0622 \u0623 \u0624 \u0625 \u0626 \u0627 \u0628 \u0629 \u062a \u062b \u062c \u062d \u062e \u062f \u0630 \u0631 \u0632 \u0633 \u0634 \u0635 \u0636 \u0637 \u0638 \u0639 \u063a \u063f \u0640 \u0641 \u0642 \u0643 \u0644 \u0645 \u0646 \u0647 \u0648 \u0649 \u064a<br \/>\n&#x25cc;&#x64B;&#x25cc;&#x64C;&#x25cc;&#x64D;&#x25cc;&#x64E;&#x25cc;&#x64F;&#x25cc;&#x650;&#x25cc;&#x651;&#x25cc;&#x652;&#x25cc;&#x653;&#x25cc;&#x654;&#x25cc;&#x655;&#x25cc;&#x656;&#x25cc;&#x657;&#x25cc;&#x658;&#x25cc;&#x65A;&#x25cc;&#x65B;&#x25cc;&#x65C;&#x25cc;&#x65D;&#x25cc;&#x670;&#x25cc;&#x6E7;<br \/>\n&#x660; &#x661; &#x662; &#x663; &#x664; &#x665; &#x666; &#x667; &#x668; &#x669; &#x66A; &#x66B; &#x66C; &#x66D;<br \/>\n&#x66E; &#x674; &#x67B; &#x67D; &#x67E; &#x683; &#x684; &#x698; &#x69F; &#x6A0; &#x6A1; &#x6A2; &#x6A4; &#x6A5; &#x6A7; &#x6A8; &#x6A9; &#x6AA; &#x6AD; &#x6AF; &#x6BA; &#x6C6; &#x6C8; &#x6C9; &#x6CC; &#x6D0; &#x6D1; &#x6D2; &#x6D3; &#x6DD; &#x6E5;<\/span><\/p>\n<h3>Arabic Supplement:<\/h3>\n<h4>Regular:<\/h4>\n<p dir=\"rtl\"><span dir=\"rtl\" class='Ruwudu-R normal'>&#x751; &#x752; &#x755; &#x756; &#x75D; &#x760; &#x761; &#x763; &#x767;<\/span><\/p>\n<h4>Bold:<\/h4>\n<p dir=\"rtl\"><span dir=\"rtl\" class='Ruwudu-B normal'>&#x751; &#x752; &#x755; &#x756; &#x75D; &#x760; &#x761; &#x763; &#x767;<\/span><\/p>\n<h3>Arabic Extended-B:<\/h3>\n<h4>Regular:<\/h4>\n<p dir=\"rtl\"><span dir=\"rtl\" class='Ruwudu-R normal'>&#x870; &#x872; &#x874;<\/span><\/p>\n<h4>Bold:<\/h4>\n<p dir=\"rtl\"><span dir=\"rtl\" class='Ruwudu-B normal'>&#x870; &#x872; &#x874;<\/span><\/p>\n<h3>Arabic Extended-A:<\/h3>\n<h4>Regular:<\/h4>\n<p dir=\"rtl\"><span dir=\"rtl\" class='Ruwudu-R normal'>&#x8A0; &#x8A1; &#x8A2; &#x8A3; &#x8A8; &#x8A9; &#x8BB; &#x8BC; &#x8BD; &#x8C3; &#x8C4; &#x25cc;&#x8F4; &#x25cc;&#x8F5; &#x25cc;&#x8F6; &#x25cc;&#x8F7; &#x25cc;&#x8F8; &#x25cc;&#x8F9; &#x25cc;&#x8FA; &#x25cc;&#x8FB; &#x25cc;&#x8FC; &#x25cc;&#x8FD; <\/span><\/p>\n<h4>Bold:<\/h4>\n<p dir=\"rtl\"><span dir=\"rtl\" class='Ruwudu-B normal'>&#x8A0; &#x8A1; &#x8A2; &#x8A3; &#x8A8; &#x8A9; &#x8BB; &#x8BC; &#x8BD; &#x8C3; &#x8C4; &#x25cc;&#x8F4; &#x25cc;&#x8F5; &#x25cc;&#x8F6; &#x25cc;&#x8F7; &#x25cc;&#x8F8; &#x25cc;&#x8F9; &#x25cc;&#x8FA; &#x25cc;&#x8FB; &#x25cc;&#x8FC; &#x25cc;&#x8FD; <\/span><\/p>\n<h3>Arabic Presentation Forms:<\/h3>\n<h4>Regular:<\/h4>\n<p dir=\"rtl\"><span class='Ruwudu-R normal'>&#xFD3E; &#xFD3F; &#xFDF2; &#xFDFD;<\/span><\/p>\n<h4>Bold:<\/h4>\n<p dir=\"rtl\"><span class='Ruwudu-B normal'>&#xFD3E; &#xFD3F; &#xFDF2; &#xFDFD;<\/span><\/p>\n<h2>Arabic Shaping (some basic shapes):<\/h2>\n<h4>Regular:<\/h4>\n<p dir=\"rtl\"><span class='Ruwudu-R normal'>&#x627; &#x200D;&#x627; &#x628; &#x628;&#x628;&#x628; &#x62c; &#x62c;&#x62c;&#x62c; &#x62f; &#x200d;&#x62f; &#x631; &#x200d;&#x631; &#x633; &#x633;&#x633;&#x633;  &#x635; &#x635;&#x635;&#x635; &#x637; &#x637;&#x637;&#x637; &#x639; &#x639;&#x639;&#x639; &#x641; &#x641;&#x641;&#x641; &#x642; &#x642;&#x642;&#x642; &#x643; &#x643;&#x643;&#x643; &#x644; &#x644;&#x644;&#x644; &#x645; &#x645;&#x645;&#x645; &#x646; &#x646;&#x646;&#x646; &#x647; &#x647;&#x647;&#x647; &#x648; &#x200d;&#x648; &#x64A; &#x64A;&#x64A;&#x64A; &#x6a9; &#x6a9;&#x6a9;&#x6a9; &#x6d2; &#x200d;&#x6d2; &#x644;&#x627; <\/br><br \/>\n&#x202D;&#x6DD;&#x31;&#x32;&#x33;&#x202C; &#x202D;&#x6DD;&#x661;&#x662;&#x663;&#x202C; &#x202D;&#x600;&#x661;&#x662;&#x663;&#x202C; <\/span><\/p>\n<h4>Bold:<\/h4>\n<p dir=\"rtl\"><span class='Ruwudu-B normal'>&#x627; &#x200D;&#x627; &#x628; &#x628;&#x628;&#x628; &#x62c; &#x62c;&#x62c;&#x62c; &#x62f; &#x200d;&#x62f; &#x631; &#x200d;&#x631; &#x633; &#x633;&#x633;&#x633;  &#x635; &#x635;&#x635;&#x635; &#x637; &#x637;&#x637;&#x637; &#x639; &#x639;&#x639;&#x639; &#x641; &#x641;&#x641;&#x641; &#x642; &#x642;&#x642;&#x642; &#x643; &#x643;&#x643;&#x643; &#x644; &#x644;&#x644;&#x644; &#x645; &#x645;&#x645;&#x645; &#x646; &#x646;&#x646;&#x646; &#x647; &#x647;&#x647;&#x647; &#x648; &#x200d;&#x648; &#x64A; &#x64A;&#x64A;&#x64A; &#x6a9; &#x6a9;&#x6a9;&#x6a9; &#x6d2; &#x200d;&#x6d2; &#x644;&#x627; <\/br><br \/>\n&#x202D;&#x6DD;&#x31;&#x32;&#x33;&#x202C; &#x202D;&#x6DD;&#x661;&#x662;&#x663;&#x202C; &#x202D;&#x600;&#x661;&#x662;&#x663;&#x202C; <\/span><\/p>\n<h2>Sample Text<\/h2>\n<h3>Arabic MSA UDHR #26:<\/h3>\n<p dir=\"rtl\"><span class='Ruwudu-B normal'> \u0627\u0644\u0645\u0627\u062f\u0629 26<\/span><\/p>\n<p dir=\"rtl\"><span class='Ruwudu-R normal'>\u0644\u0643\u0644 \u0634\u062e\u0635 \u0627\u0644\u062d\u0642 \u0641\u064a \u0627\u0644\u062a\u0639\u0644\u0645. \u0648\u064a\u062c\u0628 \u0623\u0646 \u064a\u0643\u0648\u0646 \u0627\u0644\u062a\u0639\u0644\u064a\u0645 \u0641\u064a \u0645\u0631\u0627\u062d\u0644\u0647 \u0627\u0644\u0623\u0648\u0644\u0649 \u0648\u0627\u0644\u0623\u0633\u0627\u0633\u064a\u0629 \u0639\u0644\u0649 \u0627\u0644\u0623\u0642\u0644 \u0628\u0627\u0644\u0645\u062c\u0627\u0646\u060c \u0648\u0623\u0646 \u064a\u0643\u0648\u0646 \u0627\u0644\u062a\u0639\u0644\u064a\u0645 \u0627\u0644\u0623\u0648\u0644\u064a \u0625\u0644\u0632\u0627\u0645\u064a\u0627 \u0648\u064a\u0646\u0628\u063a\u064a \u0623\u0646 \u064a\u0639\u0645\u0645 \u0627\u0644\u062a\u0639\u0644\u064a\u0645 \u0627\u0644\u0641\u0646\u064a \u0648\u0627\u0644\u0645\u0647\u0646\u064a\u060c \u0648\u0623\u0646 \u064a\u064a\u0633\u0631 \u0627\u0644\u0642\u0628\u0648\u0644 \u0644\u0644\u062a\u0639\u0644\u064a\u0645 \u0627\u0644\u0639\u0627\u0644\u064a \u0639\u0644\u0649 \u0642\u062f\u0645 \u0627\u0644\u0645\u0633\u0627\u0648\u0627\u0629 \u0627\u0644\u062a\u0627\u0645\u0629 \u0644\u0644\u062c\u0645\u064a\u0639 \u0648\u0639\u0644\u0649 \u0623\u0633\u0627\u0633 \u0627\u0644\u0643\u0641\u0627\u0621\u0629.  <\/span><\/p>\n<p dir=\"rtl\"><span class='Ruwudu-R normal'>\u064a\u062c\u0628 \u0623\u0646 \u062a\u0647\u062f\u0641 \u0627\u0644\u062a\u0631\u0628\u064a\u0629 \u0625\u0644\u0649 \u0625\u0646\u0645\u0627\u0621 \u0634\u062e\u0635\u064a\u0629 \u0627\u0644\u0625\u0646\u0633\u0627\u0646 \u0625\u0646\u0645\u0627\u0621 \u0643\u0627\u0645\u0644\u0627\u060c \u0648\u0625\u0644\u0649 \u062a\u0639\u0632\u064a\u0632 \u0627\u062d\u062a\u0631\u0627\u0645 \u0627\u0644\u0625\u0646\u0633\u0627\u0646 \u0648\u0627\u0644\u062d\u0631\u064a\u0627\u062a \u0627\u0644\u0623\u0633\u0627\u0633\u064a\u0629 \u0648\u062a\u0646\u0645\u064a\u0629 \u0627\u0644\u062a\u0641\u0627\u0647\u0645 \u0648\u0627\u0644\u062a\u0633\u0627\u0645\u062d \u0648\u0627\u0644\u0635\u062f\u0627\u0642\u0629 \u0628\u064a\u0646 \u062c\u0645\u064a\u0639 \u0627\u0644\u0634\u0639\u0648\u0628 \u0648\u0627\u0644\u062c\u0645\u0627\u0639\u0627\u062a \u0627\u0644\u0639\u0646\u0635\u0631\u064a\u0629 \u0623\u0648 \u0627\u0644\u062f\u064a\u0646\u064a\u0629\u060c \u0648\u0625\u0644\u0649 \u0632\u064a\u0627\u062f\u0629 \u0645\u062c\u0647\u0648\u062f \u0627\u0644\u0623\u0645\u0645 \u0627\u0644\u0645\u062a\u062d\u062f\u0629 \u0644\u062d\u0641\u0638 \u0627\u0644\u0633\u0644\u0627\u0645.<\/span><\/p>\n<p dir=\"rtl\"><span class='Ruwudu-R normal'>\u0644\u0644\u0622\u0628\u0627\u0621 \u0627\u0644\u062d\u0642 \u0627\u0644\u0623\u0648\u0644 \u0641\u064a \u0627\u062e\u062a\u064a\u0627\u0631 \u0646\u0648\u0639 \u062a\u0631\u0628\u064a\u0629 \u0623\u0648\u0644\u0627\u062f\u0647\u0645.<\/span><\/p>\n<h3>Hausa UDHR #26 (Regular)<\/h3>\n<p dir=\"rtl\"><span class='Ruwudu-R normal' lang='ha'>\ufeff1 \u06a9\u064f\u0648\u0627\u0652\u0648\u064e \u08bd\u064e\u0627\u062f\u064e \u0647\u064e\u08bc\u0651\u0650\u08bd\u0652 \u0633\u064e\u0645\u064f\u08bd\u0652 \u0639\u0650\u0644\u0650\u0645\u0650\u061e \u0639\u0650\u0644\u0650\u0645\u064d \u06cc\u064e\u0627\u0630\u064e\u0645\u064e \u0763\u064e\u0648\u0652\u062a\u064e \u0627\u0654\u064e \u08bc\u064e\u0644\u0651\u064e \u0627\u0654\u064e \u0645\u064e\u062a\u064e\u06a9\u0650\u08bd\u0652 \u08bb\u0650\u0631\u064e\u0645\u064e\u0631\u065c\u0649\u0670\u060c \u06a9\u064f\u0645\u064e \u0639\u0650\u0644\u0650\u0645\u064d \u08bb\u0650\u0631\u064e\u0645\u064e\u0631\u065c\u0649\u0670\u08bd\u0652 \u06cc\u064e\u0627\u0630\u064e\u0645\u064e \u062f\u064f\u0648\u0627\u0652\u0644\u065c\u0649\u0670\u061e \u0634\u0650 \u06a9\u064f\u0648\u064e \u0639\u0650\u0644\u0650\u0645\u064d \u08bb\u064e\u0633\u064e\u0647\u064e \u062f\u064e \u08bd\u064e\u0627\u0633\u064e\u08bd\u064e\u0639\u064e \u062d\u064e\u0631\u0652 \u0645\u064e \u062f\u064e \u0645\u064e\u08bd\u0652\u06cc\u064e\u08bd\u0652 \u0645\u064e\u06a9\u064e\u0631\u064e\u08bd\u0652\u062a\u064f \u06cc\u064e\u0627\u06a9\u064e\u0633\u064e\u08bd\u0652\u062b\u065c\u0649\u0670 \u08bc\u064f\u0648\u0627\u0652\u08bb\u064f\u0648\u0627\u0652\u08bb\u0650\u08bd\u0652\u0633\u064f\u06a9 \u0627\u0654\u064e \u0628\u064f\u0637\u065c\u0649\u0670 \u0633\u064f\u06a9\u065c\u0649\u0670 \u063a\u064e \u06a9\u064f\u0648\u0627\u0652\u0648\u064e \u0645\u064f\u062f\u0651\u0650\u08bd\u0652 \u0627\u0654\u064e\u08bd\u0652 \u062b\u0650\u06a9\u064e \u08bc\u064e\u0670\u0639\u0650\u062f\u064f\u0648\u0627\u0652\u062c\u0650\u08bd\u0652 \u0633\u064e\u0645\u064f\u08bd\u0652\u0633\u064f\u061e<\/p>\n<p dir=\"rtl\"><span class='Ruwudu-R normal' lang='ha'>2 \u062f\u064f\u0648\u0627\u0652\u0644\u065c\u0649\u0670 \u08bd\u065c\u0649\u0670 \u0645\u064e\u08bd\u064f\u08bb\u064e\u0631\u0652 \u0639\u0650\u0644\u0650\u0645\u0650 \u062a\u064e\u0627\u06a9\u064e\u0633\u064e\u08bd\u0652\u062b\u065c\u0649\u0670 \u062a\u064e\u0627\u0637\u064e\u0648\u0652\u06a9\u064e\u06a9\u064e \u062f\u064e\u0631\u064e\u062c\u064e\u0631\u0652 \u0637\u064e\u08bd\u0652\u0639\u064e\u062f\u064e\u0645\u0652 \u062f\u064e \u08bc\u064e\u0631\u0652\u08bb\u064e\u08bb\u064e \u06a9\u0650\u06cc\u064e\u06cc\u065c\u0649\u0670 \u0647\u064e\u08bc\u0651\u064f\u0648\u0627\u0652\u08bc\u0650\u08bd\u0652\u0633\u064e \u062f\u064e \u063f\u064e\u08bd\u0652\u062b\u0650\u08bd\u0652\u0633\u064e\u060c \u062d\u064e\u06a9\u064e \u0638\u064e\u0644\u0650\u06a9\u064e \u0639\u0650\u0644\u0650\u0645\u0650 \u0627\u0654\u064e\u0628\u064f \u08bd\u065c\u0649\u0670 \u062f\u064e \u0630\u064e\u06cc\u0652 \u062a\u064e\u06cc\u0652\u0645\u064e\u06a9\u064e \u0648\u064e\u062c\u065c\u0649\u0670\u08bd\u0652 \u0628\u064f\u08bd\u0652\u08bc\u064e\u0633\u064e \u08bb\u064e\u0647\u0650\u0645\u0652\u062a\u064e\u0631\u0652 \u062c\u064f\u08bd\u064e\u060c \u062f\u064e \u062c\u064f\u0631\u0650\u06cc\u064e \u062f\u064e \u0632\u064f\u0645\u064f\u08bd\u0652\u062b\u0650 \u069f\u064e\u06a9\u064e\u08bd\u0650\u08bd\u0652 \u0627\u0654\u064e\u0644\u0652\u0639\u064f\u0645\u0651\u064e\u060c \u062a\u064e\u0631\u065c\u0649\u0670 \u062f\u064e \u06a9\u064e\u0648\u064e\u0631\u0652 \u062f\u064e \u0628\u064e\u0645\u0652\u0628\u064e\u08bd\u0652\u062b\u065c\u0649\u0670-\u0628\u064e\u0645\u0652\u0628\u064e\u08bd\u0652\u062b\u065c\u0649\u0670\u08bd\u0652 \u0644\u064e\u0648\u0652\u08bd\u0650\u08bd\u0652 \u08bb\u064e\u062a\u064e \u062f\u064e \u08bd\u064e\u0627\u0627\u0654\u064e\u062f\u0651\u0650\u08bd\u0650\u061e \u062d\u064e\u06a9\u064e \u06a9\u064f\u0645\u064e \u06cc\u064e\u0627\u06a9\u064e\u0670\u0648\u064f\u0627\u0652 \u062b\u0650\u063a\u064e\u0628\u064e\u08bd\u0652 \u0627\u0654\u064e\u06cc\u0651\u064f\u06a9\u064e\u08bd\u0652 \u0645\u064e\u062c\u064e\u0644\u0650\u0633\u064e\u0631\u0652 \u0637\u0650\u08bd\u0652\u06a9\u0650\u08bd\u0652 \u062f\u064f\u08bd\u0650\u06cc\u064e \u08bd\u064e\u0627\u062a\u064e\u0628\u0651\u064e\u062a\u064e\u0631\u0652 \u062f\u064e \u0630\u064e\u0645\u064e\u08bd\u0652 \u0644\u064e\u08bb\u0650\u06cc\u064e \u0627\u0654\u064e \u062f\u064f\u08bd\u0650\u06cc\u064e\u061e<\/p>\n<p dir=\"rtl\"><span class='Ruwudu-R normal' lang='ha'>\ufeff3 \u0639\u0650\u06cc\u064e\u06cc\u065c\u0649\u0670 \u06a9\u065c\u0649\u0670 \u062f\u064e \u0627\u0654\u064e\u0644\u0652\u062d\u064e\u06a9\u0650\u08bd\u0652 \u0638\u064e\u0751\u064e \u0648\u064e \u063f\u064e\u063f\u064e\u08bd\u0652\u0633\u064f \u0627\u0655\u0650\u0631\u0650\u08bd\u0652 \u0639\u0650\u0644\u0650\u0645\u064d \u062f\u064e \u0630\u064e\u0627\u0627\u0654\u064e \u06a9\u064f\u0648\u0627\u0652\u06cc\u064e\u0631\u0652 \u062f\u064e \u0633\u064f\u061e<\/p>\n<p><br \/>\n<\/p>\n","protected":false},"excerpt":{"rendered":"<p>This document demonstrates all of the characters in the font. It is organized by Unicode block. Alternate glyphs that are available through features are demonstrated in the Features document. At the end is a sample demonstrating Arabic shaping and another example of running text. Type Sample Basic Latin: Regular: ! &#8221; # $ % &amp; [&hellip;]<\/p>\n","protected":false},"author":18,"featured_media":0,"parent":0,"menu_order":0,"comment_status":"closed","ping_status":"closed","template":"","meta":{"_acf_changed":false,"hide_sidebar":false,"hide_h1":false,"footnotes":""},"class_list":["post-941","page","type-page","status-publish","hentry"],"acf":[],"_links":{"self":[{"href":"https:\/\/software.sil.org\/ruwudu\/wp-json\/wp\/v2\/pages\/941","targetHints":{"allow":["GET"]}}],"collection":[{"href":"https:\/\/software.sil.org\/ruwudu\/wp-json\/wp\/v2\/pages"}],"about":[{"href":"https:\/\/software.sil.org\/ruwudu\/wp-json\/wp\/v2\/types\/page"}],"author":[{"embeddable":true,"href":"https:\/\/software.sil.org\/ruwudu\/wp-json\/wp\/v2\/users\/18"}],"replies":[{"embeddable":true,"href":"https:\/\/software.sil.org\/ruwudu\/wp-json\/wp\/v2\/comments?post=941"}],"version-history":[{"count":10,"href":"https:\/\/software.sil.org\/ruwudu\/wp-json\/wp\/v2\/pages\/941\/revisions"}],"predecessor-version":[{"id":1080,"href":"https:\/\/software.sil.org\/ruwudu\/wp-json\/wp\/v2\/pages\/941\/revisions\/1080"}],"wp:attachment":[{"href":"https:\/\/software.sil.org\/ruwudu\/wp-json\/wp\/v2\/media?parent=941"}],"curies":[{"name":"wp","href":"https:\/\/api.w.org\/{rel}","templated":true}]}}